late the remainder when 38 is divided by (s/t - 1)*30.
8
Suppose 3*c - 10 = 11. Suppose p - c = 1. Suppose 0 = -0*t + t - p. What is the remainder when t is divided by 5?
3
Let i = 17 + 1. Calculate the remainder when 83 is divided by i.
11
Let v be (-8)/(-2)*39/4. Let h be (2 + -4)*v/(-6). What is the remainder when (1 - 0)*(-1 + h) is divided by 7?
5
Suppose -48 + 328 = 14*p. Calculate the remainder when 104/6*(-18)/(-4) is divided by p.
18
Let n(i) = i**2 + 6*i + 7. Let c be n(-7). Let o = c - 60. What is the remainder when 38 is divided by 3/(-6)*o - 3?
18
Suppose -l = 3 + 9. Let a be 58/(-8) + (-3)/l. Let t = a + 15. Calculate the remainder when 23 is divided by t.
7
Calculate the remainder when (-8)/52 + (-457)/(-13) is divided by 9.
8
Let g(z) = 3*z**2 + 5*z - 1. Suppose -v + 25 + 1 = -4*d, -d - 24 = -2*v. Calculate the remainder when g(-4) is divided by v.
7
Suppose -4*n + 167 - 39 = 0. Suppose 0*l - o - 5 = -4*l, 15 = 5*l - 3*o. Suppose -4*k + 2*k + 34 = l. Calculate the remainder when n is divided by k.
15
Suppose -4*h + 78 = -10. Let u = -3 - -15. Let d = u - 4. What is the remainder when h is divided by d?
6
Let b(h) = h**3 - 32*h**2 + 31*h + 20. Calculate the remainder when 158 is divided by b(31).
18
Let f = 15 + 23. What is the remainder when f is divided by 4/((-7)/(-5) - 1)?
8
What is the remainder when (-2 - -2) + 3 - -5 is divided by 2?
0
Let x(s) = -s**3 + 3*s**2 + 2*s - 3. What is the remainder when (2 + 0)/(6/15) is divided by x(3)?
2
What is the remainder when 60 + -3 + 3 + 4 is divided by 22?
20
Let b = 33 - 16. Let c(j) = 4*j - 23. What is the remainder when b is divided by c(7)?
2
Let q(o) = o**3 - 3*o**2 - 6*o - 4. Let t = -38 - -60. Let c = t - 13. Calculate the remainder when q(5) is divided by c.
7
Let s = 3 - 3. Suppose 0 = -5*n - s*n + 35. Calculate the remainder when 11 is divided by n.
4
Let u = -21 + 33. Calculate the remainder when 22 is divided by u.
10
Suppose 0 = -3*l - l + 44. What is the remainder when 21 is divided by l?
10
Let y(u) = -117*u - 1. Let r be y(-1). Let g be r/14 + (-12)/42. Calculate the remainder when 3/(-1 - (-11)/g) is divided by 3.
2
Let f(b) = 4*b - 18. Let z be f(12). Suppose -z = 5*u - 7*u. What is the remainder when 26 is divided by u?
11
Suppose 2*h + g - 134 = 0, 7*h - 3*h - 244 = 4*g. What is the remainder when h is divided by 11?
10
Suppose 3*l + 0*l + 21 = 0. Let y = l - -10. Suppose -4*a = -a - 12. What is the remainder when a is divided by y?
1
Suppose 2*b = 2 + 2. Suppose -4 = t - b*g - 13, 0 = t - 4*g - 1. Calculate the remainder when 50 is divided by t.
16
Let b(x) = -x**2 + 6*x + 8. Let o = 3 + 3. Calculate the remainder when 37 is divided by b(o).
5
Let p = -5 + 1. Calculate the remainder when 30 is divided by p/(-24) - 141/(-18).
6
Suppose 0*w - 3*w + o = -223, 3*w - 211 = -2*o. What is the remainder when w is divided by 38?
35
Let v = -161 + 294. What is the remainder when v is divided by 34?
31
What is the remainder when (-154)/(-3) - 13/39 is divided by 18?
15
Suppose 5*a + 3*q = -11, a - 2*q - 2 - 1 = 0. What is the remainder when a*(17 + -2)*-1 is divided by 8?
7
Let c(r) = -5*r**3 - 2*r**2 - r + 1. Let k(j) = 5*j**3 + 3*j**2 + 2*j - 2. Let s(z) = -3*c(z) - 2*k(z). Calculate the remainder when 9 is divided by s(1).
4
Let j = 11 + -8. Suppose 7*y = 3*y - j*g + 16, g = y + 3. Let b(d) = 3*d**2 + d. What is the remainder when 5 is divided by b(y)?
1
Suppose -6*l = -3*l - 24. What is the remainder when l is divided by 5?
3
Suppose 5*l + 326 = -129. Let d = -50 - l. Let j = -132 - -146. Calculate the remainder when d is divided by j.
13
Let s be 246/8 + 1/4. Let w = s + -20. Calculate the remainder when 20 is divided by w.
9
Let n(r) be the first derivative of -3*r**2 - 1. Let k(h) = -2*h - 2. Let t be k(0). Calculate the remainder when 46 is divided by n(t).
10
Let r = 21 + -11. Let u(b) = -7 + 6 + 18*b**2 + 22*b**2. Calculate the remainder when u(1) is divided by r.
9
Suppose 60 = k + 3*k + 4*a, 5*k = 2*a + 68. Let w = 158 - 103. What is the remainder when w is divided by k?
13
Calculate the remainder when 19 is divided by 33/6 + 4/(-8).
4
What is the remainder when 19 is divided by (-256)/(-26) + (-10)/(-65)?
9
Suppose 74 = 2*m - w - 56, -2*m + 136 = 2*w. What is the remainder when m is divided by 24?
18
Let t be 10/(-1 - (-3)/1). Suppose w - 23 - 10 = 0. Suppose -t*y + 3*r + w = 0, -2*r = -2*y - 3*r + 11. Calculate the remainder when 11 is divided by y.
5
Suppose 0*t - 2*t - 3*b = -69, -b - 147 = -5*t. What is the remainder when t is divided by 11?
8
Let u = 82 - 59. Let k = -11 + 19. What is the remainder when u is divided by k?
7
Suppose 5*j - j = 4*t + 72, -t - 4*j = 8. Let o = 26 + t. What is the remainder when (-3)/(6/4)*-14 is divided by o?
8
Suppose i - 3*a + 20 = 0, i = 5*a - 0*a - 20. Let c = 30 + i. Let w = 40 - 11. What is the remainder when w is divided by c?
9
What is the remainder when (3 + (2 - 34))*-2 is divided by 21?
16
Suppose 30 = q - 4*h, 0 = -2*h + 3*h + 4. Let m = 20 - q. What is the remainder when m is divided by 2?
0
Let g = 158 - 89. Suppose -45 = -2*l - 4*v + v, -4*v = -12. What is the remainder when g is divided by l?
15
Suppose 2*n = -2, 3*h = -4*n + 80 + 24. Calculate the remainder when 105 is divided by h.
33
Let r = -5 - -7. What is the remainder when 18 is divided by r*-2 - -3 - -6?
3
Let u(n) = -n**3 - 3*n**2 + 5*n - 3. Calculate the remainder when 40 is divided by u(-5).
18
Let w(f) = 3*f**2 + 19*f - 6. Let b(q) = -q**2 - 9*q + 3. Let s(o) = -5*b(o) - 2*w(o). Calculate the remainder when 20 is divided by s(5).
6
Suppose 2*u - 3*b - 13 = 0, -4*u + 0*b - 5*b + 59 = 0. Suppose 2*a = -0*j - j + 18, 4*a - 8 = 5*j. What is the remainder when u is divided by a?
4
Suppose 2*k - k = 39. Calculate the remainder when k is divided by 14.
11
Let t(l) = -l**3 - 4*l**2 + 7*l + 3. What is the remainder when t(-6) is divided by 6/(-18) - 28/(-3)?
6
Suppose -q + 5 = -20. Calculate the remainder when 72 is divided by q.
22
Let l = 39 - 11. What is the remainder when 81 is divided by l?
25
Suppose 3*d = 10*d - 371. Calculate the remainder when d is divided by 14.
11
Let v(p) = -20*p + 4. Calculate the remainder when v(-2) is divided by 9.
8
Let o = -5 - -8. Suppose 66 = o*v - 18. What is the remainder when v is divided by 10?
8
Let g be 1 + 3 + (4 - 1). Suppose 228 = -g*o + 11*o. Calculate the remainder when o is divided by 20.
17
Let j = -18 + 33. Calculate the remainder when j is divided by 8.
7
Let x(i) = -i - 1. Let v be x(-7). Suppose 0 = 2*j - 5*j + v. Suppose -j*t = -0*t - 26. What is the remainder when t is divided by 7?
6
Calculate the remainder when (-1)/(3/(-187)) + 4/6 is divided by 11.
8
Let c = 12 - 8. Suppose c*t - 5 = 11. Suppose -3 - 4 = -h. Calculate the remainder when h is divided by t.
3
Suppose -69 = -13*u + 9. Suppose 6*l = l + 50. What is the remainder when l is divided by u?
4
Let f(n) = 4*n**2 + n + 3. Let m(q) = -2*q**2 - 33*q + 30. What is the remainder when f(-3) is divided by m(-17)?
10
Let y = -8 + 12. Suppose -y = 5*o - 109. Let u = -19 + 31. What is the remainder when o is divided by u?
9
What is the remainder when 10*68/8 - (-1 - -1) is divided by 29?
27
Suppose 59 = 4*z - 3*i, 2*i = 4*i + 10. What is the remainder when 30 is divided by z?
8
Let x be (6/(-8))/((-2)/8). Let p be 2 + 0/(9/x). Suppose -p*w - w - d = -47, 2*w = -3*d + 29. What is the remainder when w is divided by 9?
7
Suppose 0 = -2*g + 1 + 3. Let x = 1 + g. What is the remainder when 6 is divided by x?
0
Let x = 3 - -3. Let u(h) = h**2 - 6*h + 7. What is the remainder when 28/35*(-25)/(-1) is divided by u(x)?
6
Let b(x) = -x + 26. What is the remainder when 40 is divided by b(12)?
12
Suppose 0 = 30*u - 29*u - 21. What is the remainder when 62 is divided by u?
20
Let f(v) = 2*v**2 + 4*v. Suppose -11*r - 46 = -12*r. Calculate the remainder when r is divided by f(-4).
14
Suppose -130 = -7*o + 31. What is the remainder when 44 is divided by o?
21
Let p be 2/6 + 2334/18. Suppose -3*z + 2*d = z - p, -z - 5*d + 60 = 0. What is the remainder when z is divided by (-2)/(-7) - 1736/(-98)?
17
Suppose d = -5*p + 192, 4*d - 33 = -p - 6. Calculate the remainder when p is divided by 10.
9
Suppose -4*r = -w - 2*w, 0 = -3*w + 12. Let d = r - -2. Calculate the remai